the tens digit of z(44)?
6
Let t be ((-44)/(2 + 0))/1. Let c be 1935/55 - (-4)/t. What is the units digit of 694/10 - 14/c?
9
Suppose 7*h = -2*h + 171. Suppose 14*p + 5202 = h*p - d, 2*d + 3124 = 3*p. What is the hundreds digit of p?
0
What is the units digit of (-504)/(-108)*(4607 - -10)?
6
Suppose -7*r + 10*k + 60616 = 7*k, -3*k = -5*r + 43298. What is the tens digit of r?
5
Let f = -51 + 53. Suppose -a + 3*x = -9 - 5, -14 = -3*a + f*x. What is the hundreds digit of (1 + 1)*a/1 + 168?
1
Suppose 2136 = 11*z - 7*z. Let d = z - 282. Suppose -7*f + 189 + d = 0. What is the tens digit of f?
6
Let p = 25952 - 4564. What is the thousands digit of p?
1
Let o(j) = 140 - 4*j - 140. Let d be o(-3). Suppose 174 = -6*w + d*w. What is the tens digit of w?
2
Let x(y) be the second derivative of -3*y**5/20 + 7*y**4/6 - 5*y**3/3 - 5*y**2 - 41*y. Let s be x(7). What is the tens digit of (0 - s/6)*(-6)/(-3)?
4
Suppose -16 = -7*q + 19. Suppose -11*r + 7*r - 20 = -4*o, -7 = o + q*r. What is the units digit of o?
3
Let u(r) = -1. Let h(m) = 159*m + 1. Let n(g) = h(g) - 6*u(g). Let z be n(3). Suppose -6*w - 5*w = -z. What is the units digit of w?
4
Let p(r) = -r**3 + 5*r**2 - 10*r - 1. Suppose 5 = -3*o + 4*d - 3, 2*d = -3*o - 14. What is the hundreds digit of p(o)?
1
Let i(q) = -q**2 - 63*q + 11. Let g be i(-9). Let n = 794 - g. What is the units digit of n?
7
Let x(f) = -24180*f**3 - 3*f**2 + 49*f + 48. What is the thousands digit of x(-1)?
4
Let t(v) = -18*v**2 - 7*v - 11. Let z be t(4). Let q = z - -494. What is the hundreds digit of q?
1
Suppose 4*p - 247 = 185. Let f(t) = -t - 7. Let m be f(-12). Suppose 0*y - 3*y + p = h, -364 = -4*h + m*y. What is the units digit of h?
6
Suppose 14*c = 37*c - 20930. Suppose 197*q - c = 192*q. What is the hundreds digit of q?
1
Suppose 121*m - 507158 + 23037 = 0. What is the hundreds digit of m?
0
Suppose 11*u + 116 - 314 = 0. What is the tens digit of 1 - 121/99 - (-2434)/u?
3
What is the tens digit of ((-1 - -67) + 2)*(-681)/(-12)?
5
Let d(m) = -m**3 + 13*m**2 - 7*m + 11. Let t be d(8). Let x = t + -56. What is the tens digit of x?
1
Let u be (3 - (5 + -3))/(2/(-30)). What is the tens digit of (3/(27/1473))/((-5)/u)?
9
Suppose 2*b - 2*w = 2*w + 3570, w + 1781 = b. Let i = b + -653. What is the hundreds digit of i?
1
Suppose 8 = 19*m + 103. What is the tens digit of (-253)/(-4)*(17 + 0 + m)?
5
What is the thousands digit of 21396 + ((-268)/201)/(4/27)?
1
Let i be (-12)/(-6)*(4 - (-3 + 9)). What is the tens digit of (50 - -31) + (3*i)/2?
7
Let c(q) = -q - 54. Let v(k) = 3*k + 108. Let a(u) = 5*c(u) + 3*v(u). Let z = -17 + 34. What is the hundreds digit of a(z)?
1
Suppose -19*g - 305134 + 1184402 + 980718 = 0. What is the ten thousands digit of g?
9
Suppose 4*w - 19015 = -a, 5*a - 52380 = 4*w + 42839. What is the hundreds digit of a?
0
Suppose -3*c = -4*s + 4, c + 4 = -0*s + 4*s. Suppose c = 3*k - n + 286 + 727, 2*n = -2*k - 670. Let a = k + 572. What is the hundreds digit of a?
2
Suppose -2*s - 10*s = 132. Let k(f) = -f**3 - 7*f**2 - 2*f - 35. What is the tens digit of k(s)?
7
Suppose 2064554 = 385*n - 1592899 - 1210102. What is the ten thousands digit of n?
1
Let d(o) = -o**3 + 2*o**2 + 13*o - 8. Let p be d(-10). Suppose -p = -5*h - 3*f, 2*h - 642 = -h + 3*f. What is the tens digit of h?
1
Suppose 9*x - 29750 + 8142 = 7*x. What is the thousands digit of x?
0
Let y(k) = -18*k - 8. Let u be y(-2). Let b be (u/36 - 1) + 7330/18. Suppose 7*q = 237 + b. What is the units digit of q?
2
Let n(d) = d**3 - 2*d**2 - d + 4. Let u be n(-2). Let k be 2*(25/u - -4). Suppose k*w = w + 66. What is the units digit of w?
3
Suppose 0 = -12*u + 8*u + 1380. Let p = u - -101. What is the tens digit of p?
4
Let u = -29 + 34. Suppose 4*x - 7*x = 2*j - 157, -4*x + 216 = -4*j. Suppose z + x = u*m, -3*m - m + 43 = -z. What is the tens digit of m?
1
Let x = 60 - 56. Suppose 1 = 3*g - x*t, 0*g + 4*g = -5*t + 22. What is the tens digit of (-3)/g - (1 + 120)/(-1)?
2
Let x(o) = 2*o**2 + 6*o + 16. Let a(c) = 3*c**2 + 5*c + 17. Let q(k) = 5*a(k) - 6*x(k). What is the units digit of q(8)?
3
Suppose l - 660 = -4*t + 5*l, 4*t - 660 = l. Suppose 4*a - t = -3*x + 1045, -x = -4*a + 1218. Suppose -2*n + a = -66. What is the units digit of n?
5
Let b(n) = 22*n + 20. Let v = -55 - -74. Let r be b(v). Let g = r - 227. What is the units digit of g?
1
Suppose 4*i - 85632 = -2*n, 49947 = 3*i + 5*n - 14277. What is the tens digit of i?
0
Suppose -g - 4*j = 15, -5*g - 2*j + 7*j = 0. Let k be ((-113)/2)/((-645)/(-1290)). Let u = g - k. What is the units digit of u?
0
Let f(r) = -66*r**3 - 14*r**2 - 47*r + 16. What is the ten thousands digit of f(-8)?
3
Suppose 4*v = q + 2*q + 11359, -5*q = -3*v + 8522. What is the tens digit of v?
3
Suppose 3*d = 4*r + 144267, 4*r + 56949 = d + 8884. What is the ten thousands digit of d?
4
Let d = 22450 - -4689. What is the ten thousands digit of d?
2
Let k = -2527 + 5208. Suppose -5*s + k = 2*z, -2*z + z + 1341 = 2*s. What is the thousands digit of z?
1
Suppose -5*a + 2*b = -18, -4*a - 3*b + 1 = 5. Suppose u + a*d + 6 = 0, -u - 5*d - 15 = -5*u. Suppose u = 4*i - 11*i + 546. What is the units digit of i?
8
Let m(c) = 33*c - 16 - 27*c + 61. Let o be m(-7). Suppose -2*q = 5*v - 863, -o*q = -7*q + 16. What is the hundreds digit of v?
1
Suppose -3*s = 16 - 46. Suppose 2*c - j + 3 = 0, 0*c - j = 5*c - s. What is the units digit of 19*(3 + -1 - c)?
9
Let z = -94 + 98. Suppose -z*u - 128 = -6*u + f, -284 = -4*u - 5*f. What is the units digit of u?
6
Let k = -6477 + 8633. What is the hundreds digit of k?
1
Suppose -52 = -2*l - 3*t, 4*l + 24 = -5*t + 124. What is the units digit of -4*15/(-4)*72/l?
4
Suppose -4*s = s + 2*w - 50917, -w = 2*s - 20366. Suppose -8*r - 13*r + s = 0. What is the hundreds digit of r?
4
Suppose -542*a + 1060*a = 534*a - 226624. What is the units digit of a?
4
Let y be 29 - 0*1/(-2). Let o = -4860 - -4864. What is the units digit of (1 - 0)*(y - o)?
5
Let u be 10/(-20)*(-8)/(-1). Let c be 6*((-2)/7)/(u/7). What is the hundreds digit of 2/(-6) - (3 - 421/c)?
1
Suppose -1759219 = -51*y + 1572403 - 299213. What is the thousands digit of y?
9
Let k(b) = -118*b + 4. Let u be k(-1). Let a = 195 - u. What is the tens digit of a?
7
Suppose -86*x + 340021 - 91203 = -97332. What is the hundreds digit of x?
0
What is the tens digit of (2/7 - (-1932)/98)*(-10670)/(-8)?
7
Let m = 931 - -5248. What is the thousands digit of m?
6
Let n(b) be the third derivative of -23*b**4/24 - 10*b**3/3 - b**2. Let p be n(-5). Let i = p + -58. What is the units digit of i?
7
Suppose 13*a - 2327 = -0. Let i = a - 9. Suppose 730 + i = 5*x. What is the tens digit of x?
8
Suppose -21*q = -25*q + 16. Suppose 0 = -3*m, 2*j - q*j = -5*m - 22. Suppose 2*s - 313 = -j. What is the units digit of s?
1
Let g = 2647 + 22628. What is the units digit of g?
5
Let w = 26 + -22. Suppose x + w*x = 2020. What is the tens digit of x?
0
Suppose 0 = 3*j + 2*y - 9946, 0 = -4*j - 2*y + 12831 + 433. What is the units digit of j?
8
Let j(z) = 220*z**3 - 3*z**2 - 15*z + 24. Suppose 0 = -247*p + 244*p + 6. What is the hundreds digit of j(p)?
7
Let y(n) = -n**3 + n**2 + n + 17327. Let f be y(0). Suppose -f - 33555 = -38*v. What is the hundreds digit of v?
3
Let p(y) = -634*y - 64. Let u be p(12). What is the units digit of (u/(-98))/(18/14 - 1)?
4
Let l(g) = g**3 + 27*g**2 + 22*g + 15. What is the hundreds digit of l(-13)?
0
Let i(n) be the third derivative of -23*n**4/12 + 23*n**3/6 - n**2 + 1. What is the hundreds digit of i(-11)?
5
Suppose i + 215 = 2*x, 0*i = -x + 2*i + 109. Let w(n) = -3*n - 4. Let m be w(-3). Let f = x - m. What is the units digit of f?
2
Suppose 0 = 134*q - 1779567 - 1065789. What is the hundreds digit of q?
2
What is the tens digit of (-100)/45 + 2 + (7 - 117159/(-27))?
4
Let c = -247 + -470. What is the units digit of (c/(-15))/((-6)/(-30))?
9
Let d = -717 - -1468. Suppose -3431 + d = -4*k. What is the hundreds digit of k?
6
Suppose 4*g = 5*t + 5056, -2*g + 5*t = g - 3797. Suppose 5*d = -0*q - 5*q + 1565, 0 = -4*q + 3*d + g. What is the hundreds digit of q?
3
Let n be (-3)/(-1) + 210/30. Suppose -5*c - r = -3177, -2*r = -4 + n. What is the hundreds digit of c?
6
Let l be 4902 + 1/(4/(-16)) + 2. Suppose 14*o - 4*o = l. Suppose 11*z - 9*z - o = 0. What i